{"id":373,"date":"2025-02-10T14:51:28","date_gmt":"2025-02-10T14:51:28","guid":{"rendered":"https:\/\/grupoether.es\/kitdigital\/?page_id=373"},"modified":"2025-02-11T10:09:49","modified_gmt":"2025-02-11T10:09:49","slug":"gestion-de-la-facturacion-y-factura-electronica","status":"publish","type":"page","link":"https:\/\/grupoether.es\/kitdigital\/gestion-de-la-facturacion-y-factura-electronica\/","title":{"rendered":"Gesti\u00f3n de la facturaci\u00f3n y factura electr\u00f3nica"},"content":{"rendered":"\n<p>Disfruta de la mejor herramienta de facturaci\u00f3n intuitiva y robusta que te permitir\u00e1 manejar mejor tu negocio.<\/p>\n\n\n\n<p>Factura electr\u00f3nica<\/p>\n\n\n\n<ul class=\"wp-block-list\">\n<li>Crear facturas en formato Factura-e 3.2 apto para facturaci\u00f3n electr\u00f3nica y cumpliendo la nueva normativa VeriFactu.<\/li>\n\n\n\n<li>Informes de ingresos y gastos. Re\u00fane y consulta en un \u00fanico documento toda la informaci\u00f3n referente a facturaci\u00f3n. Simple, f\u00e1cil y r\u00e1pido.<\/li>\n\n\n\n<li>Presupuestos, pedidos y albaranes. Agiliza el proceso de venta desde el primer contacto con el cliente hasta la entrega del producto o servicio.<\/li>\n\n\n\n<li>Gesti\u00f3n de inventario. Ten un control exhaustivo de tu inventario y optimiza la gesti\u00f3n de tu stock de forma automatizada.<\/li>\n\n\n\n<li>Disponible en la nube. Completamente accesible desde la nube. M\u00e1xima comodidad para utilizar la herramienta d\u00f3nde y cu\u00e1ndo t\u00fa quieras!<\/li>\n\n\n\n<li>Control de vencimiento. Podr\u00e1s controlar el vencimiento de todas las facturas e informar sobre el pago para garantizar que todos los pagos est\u00e1n al d\u00eda.<\/li>\n<\/ul>\n\n\n\n<h2 class=\"wp-block-heading\"><\/h2>\n","protected":false},"excerpt":{"rendered":"<p>Disfruta de la mejor herramienta de facturaci\u00f3n intuitiva y robusta que te permitir\u00e1 manejar mejor tu negocio. Factura electr\u00f3nica<\/p>\n","protected":false},"author":1,"featured_media":0,"parent":0,"menu_order":0,"comment_status":"closed","ping_status":"closed","template":"","meta":{"footnotes":""},"class_list":["post-373","page","type-page","status-publish","hentry"],"_links":{"self":[{"href":"https:\/\/grupoether.es\/kitdigital\/wp-json\/wp\/v2\/pages\/373","targetHints":{"allow":["GET"]}}],"collection":[{"href":"https:\/\/grupoether.es\/kitdigital\/wp-json\/wp\/v2\/pages"}],"about":[{"href":"https:\/\/grupoether.es\/kitdigital\/wp-json\/wp\/v2\/types\/page"}],"author":[{"embeddable":true,"href":"https:\/\/grupoether.es\/kitdigital\/wp-json\/wp\/v2\/users\/1"}],"replies":[{"embeddable":true,"href":"https:\/\/grupoether.es\/kitdigital\/wp-json\/wp\/v2\/comments?post=373"}],"version-history":[{"count":2,"href":"https:\/\/grupoether.es\/kitdigital\/wp-json\/wp\/v2\/pages\/373\/revisions"}],"predecessor-version":[{"id":429,"href":"https:\/\/grupoether.es\/kitdigital\/wp-json\/wp\/v2\/pages\/373\/revisions\/429"}],"wp:attachment":[{"href":"https:\/\/grupoether.es\/kitdigital\/wp-json\/wp\/v2\/media?parent=373"}],"curies":[{"name":"wp","href":"https:\/\/api.w.org\/{rel}","templated":true}]}}